{"id":354,"date":"2024-03-03T08:21:13","date_gmt":"2024-03-03T07:21:13","guid":{"rendered":"https:\/\/comprensivogrottammare.edu.it\/?page_id=354"},"modified":"2024-04-11T13:53:00","modified_gmt":"2024-04-11T11:53:00","slug":"scuole-4-0-nuove-aule-didattiche-e-laboratori","status":"publish","type":"page","link":"https:\/\/comprensivogrottammare.edu.it\/index.php\/pnrr-futura\/scuole-4-0-nuove-aule-didattiche-e-laboratori\/","title":{"rendered":"SCUOLE 4.0 \u2013 NUOVE AULE DIDATTICHE E LABORATORI"},"content":{"rendered":"<p>Un programma di innovazione didattica per avere lezioni pi\u00f9 interattive e studentesse e studenti pi\u00f9 coinvolti. \u00c8 il\u202f<strong>\u201cPiano Scuola 4.0\u201d<\/strong>, uno stanziamento di\u202f <strong>2,1 miliardi di euro<\/strong>\u202fper trasformare\u202f<strong>100.000\u202f<\/strong>classi tradizionali in\u202f<strong>ambienti innovativi di apprendimento<\/strong>\u202fe creare\u202f<strong>laboratori per le professioni digitali del futuro<\/strong>\u202fnegli istituti scolastici del secondo ciclo. Spazi di apprendimento flessibili e tecnologici per favorire la collaborazione e l\u2019inclusione. In tutte le scuole italiane e in linea con le esigenze di crescita di bambini e ragazzi.<\/p>\n<p><strong><em>Next generation classrooms<\/em>, 100.000 classi innovative<\/strong><br \/>\nGrazie alle risorse del \u201cPiano Scuola 4.0\u201d, ciascuna istituzione scolastica del primo e del secondo ciclo potr\u00e0 trasformare almeno la met\u00e0 delle classi attuali, progettando nuovi ambienti e una nuova didattica secondo le proprie esigenze. Un finanziamento di 1 miliardo e 296 milioni per la creazione di spazi fisici e digitali di apprendimento innovativi negli arredi e nelle attrezzature. Metodologie e tecniche di insegnamento in linea con la trasformazione degli ambienti, per potenziare l\u2019apprendimento e lo sviluppo di competenze cognitive, sociali, emotive di studentesse e studenti.<\/p>\n<p>Il minimo comune denominatore saranno arredi facilmente posizionabili, attrezzature digitali versatili, la rete wireless o cablata. Ma a scegliere come saranno disposti o articolati saranno le scuole: il dirigente scolastico, in collaborazione con l\u2019animatore digitale e il team per l\u2019innovazione,\u202fpotr\u00e0 costituire\u202fun gruppo di progettazione che coinvolger\u00e0 progettisti, docenti e studenti per il disegno degli ambienti di apprendimento fisici e virtuali, per la progettazione didattica basata su\u202fmetodologie\u202finnovative adatte ai nuovi ambienti, per la previsione di misure di accompagnamento nell\u2019utilizzo degli spazi didattici modificati.<\/p>\n<p class=\"has-text-align-center\" style=\"text-align: center;\"><strong>DOCUMENTI<\/strong><\/p>\n<p><a href=\"https:\/\/comprensivogrottammare.edu.it\/wp-content\/uploads\/2024\/04\/2-determina-a-contrarre-trattativa-diretta-scuola-4.0_signed.pdf\">2-determina a contrarre trattativa diretta scuola 4.0_signed<\/a><\/p>\n<p><a href=\"https:\/\/comprensivogrottammare.edu.it\/wp-content\/uploads\/2024\/04\/DS-determina-x-ORDINE-PUNTO-INFORMATICA_signed.pdf\">DS determina x ORDINE PUNTO INFORMATICA_signed<\/a><\/p>\n<p><a href=\"https:\/\/comprensivogrottammare.edu.it\/wp-content\/uploads\/2024\/04\/DS-determina-x-ORDINE-c2_signed.pdf\">DS determina x ORDINE c2_signed<\/a><\/p>\n<p><a href=\"https:\/\/comprensivogrottammare.edu.it\/wp-content\/uploads\/2024\/03\/Disseminazione-Pnrr-Scuola-4.0_signed.pdf\">Disseminazione Pnrr Scuola 4.0_signed<\/a><\/p>\n<p><a href=\"https:\/\/comprensivogrottammare.edu.it\/wp-content\/uploads\/2024\/03\/Nomina-RUP-Pnrr-4.0_signed.pdf\">Nomina RUP Pnrr 4.0_signed<\/a><\/p>\n<p><a href=\"https:\/\/comprensivogrottammare.edu.it\/wp-content\/uploads\/2024\/03\/Decreto-assunzione-in-bilancio-Pnrr-Scuola-4.0_signed.pdf\">Decreto assunzione in bilancio Pnrr Scuola 4.0_signed<\/a><\/p>\n<p><a href=\"https:\/\/comprensivogrottammare.edu.it\/wp-content\/uploads\/2024\/03\/Decreto-avvio-procedura-selettiva_PNRR_Scuola-4.0_signed.pdf\">Decreto avvio procedura selettiva_PNRR_Scuola 4.0_signed<\/a><\/p>\n<p><a href=\"https:\/\/comprensivogrottammare.edu.it\/wp-content\/uploads\/2024\/03\/Avviso_selezione_PNRR_Scuola-4.0_signed.pdf\">Avviso_selezione_PNRR_Scuola 4.0_signed<\/a><\/p>\n<p><a href=\"https:\/\/comprensivogrottammare.edu.it\/wp-content\/uploads\/2024\/03\/Format-Domanda-di-partecipazione_PNRR_Scuola-4.0.pdf\">Format Domanda di partecipazione_PNRR_Scuola 4.0<\/a><\/p>\n<p><a href=\"https:\/\/comprensivogrottammare.edu.it\/wp-content\/uploads\/2024\/03\/Decreto-avvio-procedura-selettiva_PNRR_Scuola-4.0_signed-1.pdf\">Decreto avvio procedura selettiva_PNRR_Scuola 4.0_signed<\/a><\/p>\n<p><a href=\"https:\/\/comprensivogrottammare.edu.it\/wp-content\/uploads\/2024\/03\/Dichiarazione_inesistenza_incompatibilit_-Incaricato_PNRR_Scuola-4.0.pdf\">Dichiarazione_inesistenza_incompatibilit_ Incaricato_PNRR_Scuola 4.0<\/a><\/p>\n<p><a href=\"https:\/\/comprensivogrottammare.edu.it\/wp-content\/uploads\/2024\/03\/Pubblicazione-Graduatorie-PNRR-Scuola-4.0_signed.pdf\">Pubblicazione Graduatorie PNRR Scuola 4.0_signed<\/a><\/p>\n<p><a href=\"https:\/\/comprensivogrottammare.edu.it\/wp-content\/uploads\/2024\/03\/Silvestri-Luigina-curriculum-2023._signed.pdf\">Silvestri Luigina curriculum 2023._signed<\/a><\/p>\n<p><a href=\"https:\/\/comprensivogrottammare.edu.it\/wp-content\/uploads\/2024\/03\/Decreto-affidamento-incarico-Project-Manager-Pnrr-Scuola-4.0_signed.pdf\">Decreto affidamento incarico Project Manager Pnrr Scuola 4.0_signed<\/a><\/p>\n<p><a href=\"https:\/\/comprensivogrottammare.edu.it\/wp-content\/uploads\/2024\/03\/Lettera-di-incarico-Project-manager-PNRR-Scuola-4.0_signed.pdf\">Lettera di incarico Project manager PNRR Scuola 4.0_signed<\/a><\/p>\n<p><a href=\"https:\/\/comprensivogrottammare.edu.it\/wp-content\/uploads\/2024\/03\/Silvestri-Luigina-curriculum-2023.-1_signed.pdf\">Silvestri Luigina curriculum 2023. (1)_signed<\/a><\/p>\n<p><a href=\"https:\/\/comprensivogrottammare.edu.it\/wp-content\/uploads\/2024\/03\/341738-Decreto-di-nomina-Commissione-di-valutazione-PNRR_Scuola-4-0_signed.pdf\">341738-Decreto di nomina Commissione di valutazione PNRR_Scuola 4 0_signed<\/a><\/p>\n<p><a href=\"https:\/\/comprensivogrottammare.edu.it\/wp-content\/uploads\/2024\/03\/Decreto-affidamento-supporto-RUP_signed.pdf\">Decreto affidamento supporto RUP_signed<\/a><\/p>\n<p><a href=\"https:\/\/comprensivogrottammare.edu.it\/wp-content\/uploads\/2024\/03\/Lettera-incarico-Prog-Primaria_signed.pdf\">Lettera incarico Prog Primaria_signed<\/a><\/p>\n<p><a href=\"https:\/\/comprensivogrottammare.edu.it\/wp-content\/uploads\/2024\/03\/Lettera-incarico-cs-Romandini_signed.pdf\">Lettera incarico cs Romandini_signed<\/a><\/p>\n<p><a href=\"https:\/\/comprensivogrottammare.edu.it\/wp-content\/uploads\/2024\/03\/Decreto-affidamento-Progettista-Sec.I-gr_signed.pdf\">Decreto affidamento Progettista Sec.I gr_signed<\/a><\/p>\n<p><a href=\"https:\/\/comprensivogrottammare.edu.it\/wp-content\/uploads\/2024\/03\/Lettera-incarico-cs-Roselli_signed.pdf\">Lettera incarico cs Roselli_signed<\/a><\/p>\n<p><a href=\"https:\/\/comprensivogrottammare.edu.it\/wp-content\/uploads\/2024\/03\/Lettera-incarico-Prog-SEc-I-gr._signed.pdf\">Lettera incarico Prog SEc I gr._signed<\/a><\/p>\n<p><a href=\"https:\/\/comprensivogrottammare.edu.it\/wp-content\/uploads\/2024\/03\/Decreto-affidamento-collaudatore_signed.pdf\">Decreto affidamento collaudatore_signed<\/a><\/p>\n<p><a href=\"https:\/\/comprensivogrottammare.edu.it\/wp-content\/uploads\/2024\/03\/Decreto-costituzione-gruppo-progettazione_signed.pdf\">Decreto costituzione gruppo progettazione_signed<\/a><\/p>\n<p><a href=\"https:\/\/comprensivogrottammare.edu.it\/wp-content\/uploads\/2024\/03\/Decreto-affidamento-Progettista-Primaria_signed.pdf\">Decreto affidamento Progettista Primaria_signed<\/a><\/p>\n<p><a href=\"https:\/\/comprensivogrottammare.edu.it\/wp-content\/uploads\/2024\/03\/Decreto-incarico-cs-Romandini_signed.pdf\">Decreto incarico cs Romandini_signed<\/a><\/p>\n<p><a href=\"https:\/\/comprensivogrottammare.edu.it\/wp-content\/uploads\/2024\/03\/Lettera-incarico-collaudatore_signed.pdf\">Lettera incarico collaudatore_signed<\/a><\/p>\n<p><a href=\"https:\/\/comprensivogrottammare.edu.it\/wp-content\/uploads\/2024\/03\/Lettera-incarico-supporto-RUP_signed.pdf\">Lettera incarico supporto RUP_signed<\/a><\/p>\n<p><a href=\"https:\/\/comprensivogrottammare.edu.it\/wp-content\/uploads\/2024\/03\/Lettera-incarico-ass-amministrativo_signed.pdf\">Lettera incarico ass, amministrativo_signed<\/a><\/p>\n<p><a href=\"https:\/\/comprensivogrottammare.edu.it\/wp-content\/uploads\/2024\/03\/Decreto-affidamento-incarico-ass.-amministrativo_signed-1.pdf\">Decreto affidamento incarico ass. amministrativo_signed (1)<\/a><\/p>\n<p><a href=\"https:\/\/comprensivogrottammare.edu.it\/wp-content\/uploads\/2024\/03\/Decreto-incarico-affidamento-cs-Roselli_signed.pdf\">Decreto incarico affidamento cs Roselli_signed<\/a><\/p>\n<p><a href=\"https:\/\/comprensivogrottammare.edu.it\/wp-content\/uploads\/2024\/03\/DS-determina-preventivi-PNRR_signed.pdf\">DS determina preventivi PNRR_signed<\/a><\/p>\n<p><a href=\"https:\/\/comprensivogrottammare.edu.it\/wp-content\/uploads\/2024\/03\/Format-Domanda-di-partecipazione_PNRR_Scuola-4.0-1.pdf\">Format Domanda di partecipazione_PNRR_Scuola 4.0<\/a><\/p>\n<p><a href=\"https:\/\/comprensivogrottammare.edu.it\/wp-content\/uploads\/2024\/03\/Avviso_selezione_PNRR_Scuola-4.0_signed-1.pdf\">Avviso_selezione_PNRR_Scuola 4.0_signed<\/a><\/p>\n<p><a href=\"https:\/\/comprensivogrottammare.edu.it\/wp-content\/uploads\/2024\/03\/Decreto-avvio-procedura-selettiva_PNRR_Scuola-4.0_signed-2.pdf\">Decreto avvio procedura selettiva_PNRR_Scuola 4.0_signed<\/a><\/p>\n<p><a href=\"https:\/\/comprensivogrottammare.edu.it\/wp-content\/uploads\/2024\/03\/Dichiarazione_inesistenza_incompatibilit_-Incaricato_PNRR_Scuola-4.0-1.pdf\">Dichiarazione_inesistenza_incompatibilit_ Incaricato_PNRR_Scuola 4.0<\/a><\/p>\n","protected":false},"excerpt":{"rendered":"<p>Un programma di innovazione didattica per avere lezioni pi\u00f9 interattive e studentesse e studenti pi\u00f9 coinvolti. \u00c8 il\u202f\u201cPiano Scuola 4.0\u201d, uno stanziamento di\u202f 2,1 miliardi di euro\u202fper trasformare\u202f100.000\u202fclassi tradizionali in\u202fambienti innovativi di apprendimento\u202fe creare\u202flaboratori per le [&hellip;]<\/p>\n","protected":false},"author":2,"featured_media":0,"parent":182,"menu_order":0,"comment_status":"closed","ping_status":"closed","template":"","meta":{"footnotes":""},"tags":[],"_links":{"self":[{"href":"https:\/\/comprensivogrottammare.edu.it\/index.php\/wp-json\/wp\/v2\/pages\/354"}],"collection":[{"href":"https:\/\/comprensivogrottammare.edu.it\/index.php\/wp-json\/wp\/v2\/pages"}],"about":[{"href":"https:\/\/comprensivogrottammare.edu.it\/index.php\/wp-json\/wp\/v2\/types\/page"}],"author":[{"embeddable":true,"href":"https:\/\/comprensivogrottammare.edu.it\/index.php\/wp-json\/wp\/v2\/users\/2"}],"replies":[{"embeddable":true,"href":"https:\/\/comprensivogrottammare.edu.it\/index.php\/wp-json\/wp\/v2\/comments?post=354"}],"version-history":[{"count":3,"href":"https:\/\/comprensivogrottammare.edu.it\/index.php\/wp-json\/wp\/v2\/pages\/354\/revisions"}],"predecessor-version":[{"id":443,"href":"https:\/\/comprensivogrottammare.edu.it\/index.php\/wp-json\/wp\/v2\/pages\/354\/revisions\/443"}],"up":[{"embeddable":true,"href":"https:\/\/comprensivogrottammare.edu.it\/index.php\/wp-json\/wp\/v2\/pages\/182"}],"wp:attachment":[{"href":"https:\/\/comprensivogrottammare.edu.it\/index.php\/wp-json\/wp\/v2\/media?parent=354"}],"wp:term":[{"taxonomy":"post_tag","embeddable":true,"href":"https:\/\/comprensivogrottammare.edu.it\/index.php\/wp-json\/wp\/v2\/tags?post=354"}],"curies":[{"name":"wp","href":"https:\/\/api.w.org\/{rel}","templated":true}]}}